MONTHLY CLIMATOLOGICAL SUMMARY for JUN. 2021

NAME: Ladispoli   CITY: Rome STATE: Italy
ELEV: 10 LAT: 42.0 LONG: 12.0

                            TEMPERATURE ( C), RAIN (mm), WIND SPEED (m/s)

                                                 HEAT     COOL          AVG
      MEAN                                       DEG      DEG           WIND                       DOM
DAY   TEMP    HIGH   TIME      LOW     TIME      DAYS     DAYS    RAIN  SPEED   HIGH     TIME      DIR
----------------------------------------------------------------------------------------------------------------------------------------------------------
01    20.4    22.5   10:29a    16.0   23:59p     00.0     02.1   00.0   00.6    06.2    13:31p     SSW
02    19.1    23.1   18:38p    14.1   04:11a     00.0     00.8   00.0   00.3    04.1    16:37p      S 
03    19.5    23.6   15:58p    13.8   04:57a     00.0     01.2   00.0   00.4    05.1    17:51p     WNW
04    20.6    24.9   17:26p    14.4   06:12a     00.0     02.3   00.0   00.3    05.1    12:11p     WSW
05    20.6    22.6   17:57p    17.8   04:08a     00.0     02.3   00.0   00.1    03.6    16:42p     SSW
06    20.2    23.7   14:45p    17.6   02:02a     00.0     01.9   06.4   01.0    08.7    17:01p     SSE
07    19.8    22.5   16:47p    16.5   06:31a     00.0     01.5   00.8   01.1    07.7    18:38p     WNW
08    19.3    23.5   15:13p    16.7   22:48p     00.0     01.0   08.4   00.5    08.2    15:24p      NW
09    19.3    23.8   16:47p    14.6   05:41a     00.0     01.0   00.6   00.5    08.2    17:44p     NNW
10    21.1    27.1   13:16p    15.4   05:20a     00.0     02.8   00.8   00.7    11.8    18:26p      N 
11    21.5    25.3   19:38p    16.1   05:40a     00.0     03.2   00.0   00.6    06.7    18:15p      NW
12    22.7    26.0   20:17p    17.9   05:41a     00.0     04.4   00.0   00.6    06.7    17:13p     WNW
13    23.1    26.2   15:48p    18.0   05:56a     00.0     04.8   00.0   00.6    07.7    16:42p      W 
14    22.8    25.1   16:43p    19.2   06:08a     00.0     04.5   00.0   00.8    05.1    20:13p      SW
15    23.0    25.0   14:54p    20.5   06:04a     00.0     04.7   00.0   00.9    06.7    10:55a      S 
16    22.2    24.5   15:35p    18.5   06:07a     00.0     03.9   00.0   00.5    05.1    11:44a      SW
17    23.2    25.8   16:54p    19.4   05:26a     00.0     04.9   00.0   00.7    06.2    16:26p     SSW
18    22.8    25.9   15:55p    19.0   06:12a     00.0     04.5   00.0   00.5    05.1    17:09p     SSW
19    22.9    26.9   14:06p    17.5   03:46a     00.0     04.6   00.0   00.3    05.1    15:32p     WSW
20    23.6    26.2   22:51p    19.2   05:53a     00.0     05.3   00.0   00.6    09.8    21:48p      SE
21    25.5    28.6   10:34a    22.1   06:17a     00.0     07.2   00.0   00.9    06.2    12:41p     SSE
22
23
24
25
26
27
28
29
30
31
----------------------------------------------------------------------------------------------------------------------------------------------------------
   21.6 (21.1) 28.6   day 21   13.8   day 03    0.0     68.9    17.0    1.2     23.0    day  20    ESE
Note: Average in brackets uses the NOAA/Climate method of the average of the daily maximum and minumum temperatures
Max Rain: 8.4 ON 8-06-21
Days of Rain: 5 (> .2mm) 2 (> 2mm) 0 (> 20mm)