MONTHLY CLIMATOLOGICAL SUMMARY for NOV. 2020

NAME: Ladispoli   CITY: Rome STATE: Italy
ELEV: 10 LAT: 42.0 LONG: 12.0

                            TEMPERATURE ( C), RAIN (mm), WIND SPEED (m/s)

                                                 HEAT     COOL          AVG
      MEAN                                       DEG      DEG           WIND                       DOM
DAY   TEMP    HIGH   TIME      LOW     TIME      DAYS     DAYS    RAIN  SPEED   HIGH     TIME      DIR
----------------------------------------------------------------------------------------------------------------------------------------------------------
01    15.5    18.0   15:04p    13.2   23:12p     02.8     00.0   00.0   00.2    05.1    09:17a     
02    15.8    19.3   12:25p    12.9   23:12p     02.5     00.0   00.0   00.1    03.1    10:32a      SE
03    15.3    18.9   13:07p    10.5   06:17a     03.0     00.0   00.2   00.3    06.2    16:02p     WSW
04    16.1    18.3   14:56p    13.9   02:54a     02.2     00.0   00.0   00.0    04.1    10:13a     NNW
05    17.2    19.6   15:07p    15.1   02:56a     01.1     00.0   00.0   00.0    01.0    19:31p      NE
06    15.9    21.0   12:32p    12.4   05:03a     02.4     00.0   00.0   00.1    04.6    10:04a      N 
07    15.3    19.6   11:58a    11.7   23:10p     03.0     00.0   00.0   00.3    04.1    09:27a     SSE
08    14.3    18.4   16:27p    10.3   07:07a     04.0     00.0   00.2   00.2    04.6    15:47p     NNW
09    14.4    19.1   14:16p    10.1   07:20a     03.9     00.0   00.4   00.1    04.1    13:27p      NW
10    14.3    18.7   14:19p    10.7   07:22a     04.0     00.0   00.2   00.3    05.1    15:38p     WNW
11    14.2    18.4   15:02p    10.4   04:26a     04.1     00.0   00.2   00.2    03.6    13:57p     WSW
12    15.3    18.9   14:39p    12.5   00:28a     03.0     00.0   00.2   00.2    04.6    10:08a      SE
13    15.3    19.0   13:59p    12.1   07:03a     03.0     00.0   00.4   00.4    04.6    09:35a     ESE
14    15.8    18.9   14:25p    14.3   07:46a     02.5     00.0   02.0   01.0    06.2    11:01a      E 
15    16.7    19.6   13:51p    13.9   05:51a     01.6     00.0   00.6   00.9    06.7    16:18p     ESE
16    17.2    18.6   20:32p    14.1   23:28p     01.1     00.0   13.8   01.4    08.7    05:18a      S 
17    15.6    18.5   14:31p    12.7   03:46a     02.7     00.0   00.2   02.0    11.8    08:17a      NE
18    15.5    20.1   11:37a    11.8   23:24p     02.8     00.0   00.0   00.2    05.7    01:40a      N 
19    13.1    17.4   14:24p    09.9   07:34a     05.2     00.0   00.2   00.2    04.1    12:36p     NNE
20    12.7    13.7   10:48a    10.6   00:00a     05.6     00.0   04.6   03.1    13.9    16:37p      NE
21    11.7    14.0   13:39p    08.8   23:55p     06.6     00.0   00.0   04.5    13.4    12:36p      NE
22    010.0    14.3   14:49p    07.1   06:58a     08.3     00.0   00.0   01.8    09.8    01:27a      NE
23    11.0    16.9   14:24p    07.2   06:13a     07.3     00.0   00.0   00.0    04.1    01:10a      NE
24    10.9    16.5   12:29p    06.8   00:58a     07.4     00.0   00.0   00.1    05.7    09:25a      NE
25    11.6    16.0   13:31p    08.8   04:08a     06.7     00.0   00.0   00.2    04.6    10:52a     ESE
26
27
28
29
30
31
----------------------------------------------------------------------------------------------------------------------------------------------------------
   14.4 (14.7) 21.0   day 06   6.8   day 24    96.7     0.0    23.4    1.4     27.0    day  21     E 
Note: Average in brackets uses the NOAA/Climate method of the average of the daily maximum and minumum temperatures
Max Rain: 13.8 ON 16-11-20
Days of Rain: 13 (> .2mm) 2 (> 2mm) 0 (> 20mm)